{"id":179,"date":"2025-11-04T09:34:27","date_gmt":"2025-11-04T09:34:27","guid":{"rendered":"https:\/\/maleo-am-lech.at\/?page_id=179"},"modified":"2025-12-02T08:00:41","modified_gmt":"2025-12-02T08:00:41","slug":"sommer","status":"publish","type":"page","link":"https:\/\/maleo-am-lech.at\/index.php\/sommer\/","title":{"rendered":"Sommer"},"content":{"rendered":"<div class=\"wpb-content-wrapper\"><p>[vc_row css=&#8220;.vc_custom_1762264710419{margin-top: -40px !important;margin-right: 5px !important;margin-left: 5px !important;}&#8220;][vc_column width=&#8220;1\/4&#8243;][\/vc_column][vc_column width=&#8220;1\/2&#8243;][vc_row_inner content_placement=&#8220;middle&#8220; gap=&#8220;10&#8243;][vc_column_inner][vc_column_text css_animation=&#8220;bounceIn&#8220; css=&#8220;&#8220;]<img loading=\"lazy\" decoding=\"async\" class=\"aligncenter wp-image-180\" src=\"http:\/\/maleo-am-lech.at\/wp-content\/uploads\/2025\/11\/Maleo_am_Lech_Schriftzug_Sommer-300x114.png\" alt=\"\" width=\"250\" height=\"95\" srcset=\"https:\/\/maleo-am-lech.at\/wp-content\/uploads\/2025\/11\/Maleo_am_Lech_Schriftzug_Sommer-300x114.png 300w, https:\/\/maleo-am-lech.at\/wp-content\/uploads\/2025\/11\/Maleo_am_Lech_Schriftzug_Sommer.png 662w\" sizes=\"auto, (max-width: 250px) 100vw, 250px\" \/>[\/vc_column_text][vc_column_text css=&#8220;.vc_custom_1762248716930{margin-top: -20px !important;}&#8220;]<\/p>\n<p style=\"text-align: center;\"><span style=\"color: #64605e;\"><strong>Sommer im Lechtal hei\u00dft Sonne, Berge und Freiheit.<\/strong><br \/>\nWandern, Radfahren oder einfach genie\u00dfen \u2013 direkt vor der Haust\u00fcr des Maleo am Lech beginnt ihr Sommerabenteuer.<\/span><\/p>\n<p>[\/vc_column_text][\/vc_column_inner][\/vc_row_inner][vc_empty_space][\/vc_column][vc_column width=&#8220;1\/4&#8243;][\/vc_column][\/vc_row][vc_row full_width=&#8220;stretch_row&#8220; css=&#8220;.vc_custom_1764662440159{background-color: #5E5B5A !important;background-position: center !important;background-repeat: no-repeat !important;background-size: cover !important;}&#8220;][vc_column width=&#8220;1\/6&#8243;][\/vc_column][vc_column width=&#8220;2\/3&#8243;][vc_empty_space][vc_row_inner content_placement=&#8220;middle&#8220; gap=&#8220;25&#8243; css=&#8220;.vc_custom_1762264716743{margin-right: 5px !important;margin-left: 5px !important;}&#8220;][vc_column_inner width=&#8220;1\/3&#8243;][vc_single_image image=&#8220;28&#8243; img_size=&#8220;full&#8220; style=&#8220;vc_box_shadow_circle_2&#8243; css=&#8220;&#8220;][\/vc_column_inner][vc_column_inner width=&#8220;2\/3&#8243;][vc_custom_heading text=&#8220;DER LECHWEG&#8220; font_container=&#8220;tag:h3|text_align:left|color:%23E0DAD9&#8243; google_fonts=&#8220;font_family:Ubuntu%3A300%2C300italic%2Cregular%2Citalic%2C500%2C500italic%2C700%2C700italic|font_style:500%20bold%20regular%3A500%3Anormal&#8220; css=&#8220;&#8220;][vc_column_text css=&#8220;&#8220;]<\/p>\n<p style=\"text-align: left;\"><span style=\"color: #e0dad9;\">Als erster europ\u00e4isch zertifizierter Fernwanderweg bietet der 125 Kilometer lange Lechweg ein einzigartiges Naturerlebnis, von der Landschaft gepr\u00e4gte Menschen und wahrlich sagenhafte Geschichten. Von seiner Quelle nahe des Formarinsees im \u00f6sterreichischen Bundesland Vorarlberg bis hin zum Lechfall in F\u00fcssen im Allg\u00e4u.<\/span><\/p>\n<p>[\/vc_column_text][\/vc_column_inner][\/vc_row_inner][vc_empty_space][\/vc_column][vc_column width=&#8220;1\/6&#8243;][\/vc_column][\/vc_row][vc_row css=&#8220;.vc_custom_1762256078721{margin-bottom: -60px !important;background-image: url(http:\/\/maleo-am-lech.at\/wp-content\/uploads\/2025\/11\/Maleo_am_Lech_Sommer_4.jpg?id=229) !important;background-position: center !important;background-repeat: no-repeat !important;background-size: cover !important;}&#8220;][vc_column width=&#8220;1\/6&#8243;][\/vc_column][vc_column width=&#8220;2\/3&#8243;][vc_empty_space height=&#8220;50&#8243;][vc_row_inner css=&#8220;.vc_custom_1762264729950{margin-right: 5px !important;margin-left: 5px !important;}&#8220;][vc_column_inner width=&#8220;1\/2&#8243;][\/vc_column_inner][vc_column_inner width=&#8220;1\/2&#8243;][vc_cta h2=&#8220;DOSERWASSERFALL&#8220; h2_font_container=&#8220;tag:h3|text_align:left|color:%23E0DAD9&#8243; h2_google_fonts=&#8220;font_family:Ubuntu%3A300%2C300italic%2Cregular%2Citalic%2C500%2C500italic%2C700%2C700italic|font_style:500%20bold%20regular%3A500%3Anormal&#8220; shape=&#8220;square&#8220; style=&#8220;custom&#8220; css=&#8220;.vc_custom_1762256044640{border-top-width: 1px !important;border-right-width: 1px !important;border-bottom-width: 1px !important;border-left-width: 1px !important;border-left-style: solid !important;border-right-style: solid !important;border-top-style: solid !important;border-bottom-style: solid !important;border-color: #005A5C !important;}&#8220; use_custom_fonts_h2=&#8220;true&#8220; custom_background=&#8220;#005A5C&#8220; custom_text=&#8220;#E0DAD9&#8243;]<span style=\"color: #e0dad9;\">Der Doserwasserfall geh\u00f6rt zu einem der mystischsten Orte im Lechtal. Im Weiler Luxnach bei H\u00e4selgehr w\u00e4lzt sich der Doser Wasserfall aus einer Felsgrotte in die Tiefe.<\/span>[\/vc_cta][\/vc_column_inner][\/vc_row_inner][vc_empty_space height=&#8220;50&#8243;][\/vc_column][vc_column width=&#8220;1\/6&#8243;][\/vc_column][\/vc_row][vc_row full_width=&#8220;stretch_row&#8220; css=&#8220;.vc_custom_1762264723187{margin-right: 5px !important;margin-left: 5px !important;background-color: #E0DAD900 !important;}&#8220;][vc_column width=&#8220;1\/6&#8243;][\/vc_column][vc_column width=&#8220;2\/3&#8243;][vc_empty_space][vc_row_inner gap=&#8220;15&#8243;][vc_column_inner width=&#8220;1\/3&#8243;][vc_single_image image=&#8220;225&#8243; img_size=&#8220;full&#8220; style=&#8220;vc_box_shadow&#8220; css=&#8220;&#8220;][vc_custom_heading text=&#8220;MOUNTAIN- &amp; E-BIKE&#8220; font_container=&#8220;tag:h3|text_align:left|color:%2300868A&#8220; google_fonts=&#8220;font_family:Ubuntu%3A300%2C300italic%2Cregular%2Citalic%2C500%2C500italic%2C700%2C700italic|font_style:500%20bold%20regular%3A500%3Anormal&#8220; css=&#8220;&#8220;][vc_column_text css=&#8220;&#8220;]<\/p>\n<p style=\"text-align: left;\"><span style=\"color: #64605e;\">Ein Radurlaub mit dem Mountainbike, E-Bike oder Gravelbike ist im Tiroler Lechtal ein unvergessliches Erlebnis. Zahlreiche Routen er\u00f6ffnet ihnen einen ganz neuen Blick auf unser urspr\u00fcngliches Tal.<\/span><\/p>\n<p>[\/vc_column_text][\/vc_column_inner][vc_column_inner width=&#8220;1\/3&#8243;][vc_single_image image=&#8220;224&#8243; img_size=&#8220;full&#8220; style=&#8220;vc_box_shadow&#8220; css=&#8220;&#8220;][vc_custom_heading text=&#8220;RAFTING&#8220; font_container=&#8220;tag:h3|text_align:left|color:%2300868A&#8220; google_fonts=&#8220;font_family:Ubuntu%3A300%2C300italic%2Cregular%2Citalic%2C500%2C500italic%2C700%2C700italic|font_style:500%20bold%20regular%3A500%3Anormal&#8220; css=&#8220;&#8220;][vc_column_text css=&#8220;&#8220;]<\/p>\n<p style=\"text-align: left;\"><span style=\"color: #64605e;\">Eine Raftingtour auf dem Lech ist ein ganz besonderes Erlebnis. Man nehme ein Boot und lasse sich teils treibend, teils paddelnd auf dem Wasser das Tal hinuntergleiten. Der Lech bietet beste Voraussetzungen f\u00fcr diese Freizeitbesch\u00e4ftigung.<\/span><\/p>\n<p>[\/vc_column_text][\/vc_column_inner][vc_column_inner width=&#8220;1\/3&#8243;][vc_single_image image=&#8220;226&#8243; img_size=&#8220;full&#8220; style=&#8220;vc_box_shadow&#8220; css=&#8220;&#8220;][vc_custom_heading text=&#8220;WANDERN&#8220; font_container=&#8220;tag:h3|text_align:left|color:%2300868A&#8220; google_fonts=&#8220;font_family:Ubuntu%3A300%2C300italic%2Cregular%2Citalic%2C500%2C500italic%2C700%2C700italic|font_style:500%20bold%20regular%3A500%3Anormal&#8220; css=&#8220;&#8220;][vc_column_text css=&#8220;&#8220;]<\/p>\n<p style=\"text-align: left;\"><span style=\"color: #64605e;\">Das Lechtal ist ein wahres Paradies f\u00fcr Wander- und Bergsportler. \u00dcber 50 H\u00fctten und Almen in den Bergen der Lechtaler und Allg\u00e4uer Alpen sind ein besonderes Erlebnis, das die Tiroler Tradition mit echter Freizeitaktivit\u00e4t verbindet.<\/span><\/p>\n<p>[\/vc_column_text][\/vc_column_inner][\/vc_row_inner][vc_empty_space][\/vc_column][vc_column width=&#8220;1\/6&#8243;][\/vc_column][\/vc_row]<\/p>\n<\/div>","protected":false},"excerpt":{"rendered":"<p>[vc_row css=&#8220;.vc_custom_1762264710419{margin-top: -40px !important;margin-right: 5px !important;margin-left: 5px !important;}&#8220;][vc_column width=&#8220;1\/4&#8243;][\/vc_column][vc_column width=&#8220;1\/2&#8243;][vc_row_inner content_placement=&#8220;middle&#8220; gap=&#8220;10&#8243;][vc_column_inner][vc_column_text css_animation=&#8220;bounceIn&#8220; css=&#8220;&#8220;][\/vc_column_text][vc_column_text css=&#8220;.vc_custom_1762248716930{margin-top: -20px !important;}&#8220;] Sommer im Lechtal hei\u00dft Sonne, Berge und Freiheit. Wandern, Radfahren oder einfach genie\u00dfen \u2013 direkt vor der Haust\u00fcr des Maleo am Lech beginnt ihr Sommerabenteuer. [\/vc_column_text][\/vc_column_inner][\/vc_row_inner][vc_empty_space][\/vc_column][vc_column width=&#8220;1\/4&#8243;][\/vc_column][\/vc_row][vc_row full_width=&#8220;stretch_row&#8220; css=&#8220;.vc_custom_1764662440159{background-color: #5E5B5A !important;background-position: center !important;background-repeat: [&hellip;]<\/p>\n","protected":false},"author":3,"featured_media":0,"parent":0,"menu_order":0,"comment_status":"closed","ping_status":"closed","template":"page-templates\/full-width-builder-bb.php","meta":{"footnotes":""},"class_list":["post-179","page","type-page","status-publish","hentry"],"_links":{"self":[{"href":"https:\/\/maleo-am-lech.at\/index.php\/wp-json\/wp\/v2\/pages\/179","targetHints":{"allow":["GET"]}}],"collection":[{"href":"https:\/\/maleo-am-lech.at\/index.php\/wp-json\/wp\/v2\/pages"}],"about":[{"href":"https:\/\/maleo-am-lech.at\/index.php\/wp-json\/wp\/v2\/types\/page"}],"author":[{"embeddable":true,"href":"https:\/\/maleo-am-lech.at\/index.php\/wp-json\/wp\/v2\/users\/3"}],"replies":[{"embeddable":true,"href":"https:\/\/maleo-am-lech.at\/index.php\/wp-json\/wp\/v2\/comments?post=179"}],"version-history":[{"count":19,"href":"https:\/\/maleo-am-lech.at\/index.php\/wp-json\/wp\/v2\/pages\/179\/revisions"}],"predecessor-version":[{"id":388,"href":"https:\/\/maleo-am-lech.at\/index.php\/wp-json\/wp\/v2\/pages\/179\/revisions\/388"}],"wp:attachment":[{"href":"https:\/\/maleo-am-lech.at\/index.php\/wp-json\/wp\/v2\/media?parent=179"}],"curies":[{"name":"wp","href":"https:\/\/api.w.org\/{rel}","templated":true}]}}

<div class="wpb-content-wrapper"><p>[vc_row css=&#8220;.vc_custom_1762264710419{margin-top: -40px !important;margin-right: 5px !important;margin-left: 5px !important;}&#8220;][vc_column width=&#8220;1/4&#8243;][/vc_column][vc_column width=&#8220;1/2&#8243;][vc_row_inner content_placement=&#8220;middle&#8220; gap=&#8220;10&#8243;][vc_column_inner][vc_column_text css_animation=&#8220;bounceIn&#8220; css=&#8220;&#8220;]<img loading="lazy" decoding="async" class="aligncenter wp-image-180" src="http://maleo-am-lech.at/wp-content/uploads/2025/11/Maleo_am_Lech_Schriftzug_Sommer-300x114.png" alt="" width="250" height="95" srcset="https://maleo-am-lech.at/wp-content/uploads/2025/11/Maleo_am_Lech_Schriftzug_Sommer-300x114.png 300w, https://maleo-am-lech.at/wp-content/uploads/2025/11/Maleo_am_Lech_Schriftzug_Sommer.png 662w" sizes="auto, (max-width: 250px) 100vw, 250px" />[/vc_column_text][vc_column_text css=&#8220;.vc_custom_1762248716930{margin-top: -20px !important;}&#8220;]</p>
<p style="text-align: center;"><span style="color: #64605e;"><strong>Sommer im Lechtal heißt Sonne, Berge und Freiheit.</strong><br />
Wandern, Radfahren oder einfach genießen – direkt vor der Haustür des Maleo am Lech beginnt ihr Sommerabenteuer.</span></p>
<p>[/vc_column_text][/vc_column_inner][/vc_row_inner][vc_empty_space][/vc_column][vc_column width=&#8220;1/4&#8243;][/vc_column][/vc_row][vc_row full_width=&#8220;stretch_row&#8220; css=&#8220;.vc_custom_1764662440159{background-color: #5E5B5A !important;background-position: center !important;background-repeat: no-repeat !important;background-size: cover !important;}&#8220;][vc_column width=&#8220;1/6&#8243;][/vc_column][vc_column width=&#8220;2/3&#8243;][vc_empty_space][vc_row_inner content_placement=&#8220;middle&#8220; gap=&#8220;25&#8243; css=&#8220;.vc_custom_1762264716743{margin-right: 5px !important;margin-left: 5px !important;}&#8220;][vc_column_inner width=&#8220;1/3&#8243;][vc_single_image image=&#8220;28&#8243; img_size=&#8220;full&#8220; style=&#8220;vc_box_shadow_circle_2&#8243; css=&#8220;&#8220;][/vc_column_inner][vc_column_inner width=&#8220;2/3&#8243;][vc_custom_heading text=&#8220;DER LECHWEG&#8220; font_container=&#8220;tag:h3|text_align:left|color:%23E0DAD9&#8243; google_fonts=&#8220;font_family:Ubuntu%3A300%2C300italic%2Cregular%2Citalic%2C500%2C500italic%2C700%2C700italic|font_style:500%20bold%20regular%3A500%3Anormal&#8220; css=&#8220;&#8220;][vc_column_text css=&#8220;&#8220;]</p>
<p style="text-align: left;"><span style="color: #e0dad9;">Als erster europäisch zertifizierter Fernwanderweg bietet der 125 Kilometer lange Lechweg ein einzigartiges Naturerlebnis, von der Landschaft geprägte Menschen und wahrlich sagenhafte Geschichten. Von seiner Quelle nahe des Formarinsees im österreichischen Bundesland Vorarlberg bis hin zum Lechfall in Füssen im Allgäu.</span></p>
<p>[/vc_column_text][/vc_column_inner][/vc_row_inner][vc_empty_space][/vc_column][vc_column width=&#8220;1/6&#8243;][/vc_column][/vc_row][vc_row css=&#8220;.vc_custom_1762256078721{margin-bottom: -60px !important;background-image: url(http://maleo-am-lech.at/wp-content/uploads/2025/11/Maleo_am_Lech_Sommer_4.jpg?id=229) !important;background-position: center !important;background-repeat: no-repeat !important;background-size: cover !important;}&#8220;][vc_column width=&#8220;1/6&#8243;][/vc_column][vc_column width=&#8220;2/3&#8243;][vc_empty_space height=&#8220;50&#8243;][vc_row_inner css=&#8220;.vc_custom_1762264729950{margin-right: 5px !important;margin-left: 5px !important;}&#8220;][vc_column_inner width=&#8220;1/2&#8243;][/vc_column_inner][vc_column_inner width=&#8220;1/2&#8243;][vc_cta h2=&#8220;DOSERWASSERFALL&#8220; h2_font_container=&#8220;tag:h3|text_align:left|color:%23E0DAD9&#8243; h2_google_fonts=&#8220;font_family:Ubuntu%3A300%2C300italic%2Cregular%2Citalic%2C500%2C500italic%2C700%2C700italic|font_style:500%20bold%20regular%3A500%3Anormal&#8220; shape=&#8220;square&#8220; style=&#8220;custom&#8220; css=&#8220;.vc_custom_1762256044640{border-top-width: 1px !important;border-right-width: 1px !important;border-bottom-width: 1px !important;border-left-width: 1px !important;border-left-style: solid !important;border-right-style: solid !important;border-top-style: solid !important;border-bottom-style: solid !important;border-color: #005A5C !important;}&#8220; use_custom_fonts_h2=&#8220;true&#8220; custom_background=&#8220;#005A5C&#8220; custom_text=&#8220;#E0DAD9&#8243;]<span style="color: #e0dad9;">Der Doserwasserfall gehört zu einem der mystischsten Orte im Lechtal. Im Weiler Luxnach bei Häselgehr wälzt sich der Doser Wasserfall aus einer Felsgrotte in die Tiefe.</span>[/vc_cta][/vc_column_inner][/vc_row_inner][vc_empty_space height=&#8220;50&#8243;][/vc_column][vc_column width=&#8220;1/6&#8243;][/vc_column][/vc_row][vc_row full_width=&#8220;stretch_row&#8220; css=&#8220;.vc_custom_1762264723187{margin-right: 5px !important;margin-left: 5px !important;background-color: #E0DAD900 !important;}&#8220;][vc_column width=&#8220;1/6&#8243;][/vc_column][vc_column width=&#8220;2/3&#8243;][vc_empty_space][vc_row_inner gap=&#8220;15&#8243;][vc_column_inner width=&#8220;1/3&#8243;][vc_single_image image=&#8220;225&#8243; img_size=&#8220;full&#8220; style=&#8220;vc_box_shadow&#8220; css=&#8220;&#8220;][vc_custom_heading text=&#8220;MOUNTAIN- &amp; E-BIKE&#8220; font_container=&#8220;tag:h3|text_align:left|color:%2300868A&#8220; google_fonts=&#8220;font_family:Ubuntu%3A300%2C300italic%2Cregular%2Citalic%2C500%2C500italic%2C700%2C700italic|font_style:500%20bold%20regular%3A500%3Anormal&#8220; css=&#8220;&#8220;][vc_column_text css=&#8220;&#8220;]</p>
<p style="text-align: left;"><span style="color: #64605e;">Ein Radurlaub mit dem Mountainbike, E-Bike oder Gravelbike ist im Tiroler Lechtal ein unvergessliches Erlebnis. Zahlreiche Routen eröffnet ihnen einen ganz neuen Blick auf unser ursprüngliches Tal.</span></p>
<p>[/vc_column_text][/vc_column_inner][vc_column_inner width=&#8220;1/3&#8243;][vc_single_image image=&#8220;224&#8243; img_size=&#8220;full&#8220; style=&#8220;vc_box_shadow&#8220; css=&#8220;&#8220;][vc_custom_heading text=&#8220;RAFTING&#8220; font_container=&#8220;tag:h3|text_align:left|color:%2300868A&#8220; google_fonts=&#8220;font_family:Ubuntu%3A300%2C300italic%2Cregular%2Citalic%2C500%2C500italic%2C700%2C700italic|font_style:500%20bold%20regular%3A500%3Anormal&#8220; css=&#8220;&#8220;][vc_column_text css=&#8220;&#8220;]</p>
<p style="text-align: left;"><span style="color: #64605e;">Eine Raftingtour auf dem Lech ist ein ganz besonderes Erlebnis. Man nehme ein Boot und lasse sich teils treibend, teils paddelnd auf dem Wasser das Tal hinuntergleiten. Der Lech bietet beste Voraussetzungen für diese Freizeitbeschäftigung.</span></p>
<p>[/vc_column_text][/vc_column_inner][vc_column_inner width=&#8220;1/3&#8243;][vc_single_image image=&#8220;226&#8243; img_size=&#8220;full&#8220; style=&#8220;vc_box_shadow&#8220; css=&#8220;&#8220;][vc_custom_heading text=&#8220;WANDERN&#8220; font_container=&#8220;tag:h3|text_align:left|color:%2300868A&#8220; google_fonts=&#8220;font_family:Ubuntu%3A300%2C300italic%2Cregular%2Citalic%2C500%2C500italic%2C700%2C700italic|font_style:500%20bold%20regular%3A500%3Anormal&#8220; css=&#8220;&#8220;][vc_column_text css=&#8220;&#8220;]</p>
<p style="text-align: left;"><span style="color: #64605e;">Das Lechtal ist ein wahres Paradies für Wander- und Bergsportler. Über 50 Hütten und Almen in den Bergen der Lechtaler und Allgäuer Alpen sind ein besonderes Erlebnis, das die Tiroler Tradition mit echter Freizeitaktivität verbindet.</span></p>
<p>[/vc_column_text][/vc_column_inner][/vc_row_inner][vc_empty_space][/vc_column][vc_column width=&#8220;1/6&#8243;][/vc_column][/vc_row]</p>
</div>

<p>[vc_row css=&#8220;.vc_custom_1762264710419{margin-top: -40px !important;margin-right: 5px !important;margin-left: 5px !important;}&#8220;][vc_column width=&#8220;1/4&#8243;][/vc_column][vc_column width=&#8220;1/2&#8243;][vc_row_inner content_placement=&#8220;middle&#8220; gap=&#8220;10&#8243;][vc_column_inner][vc_column_text css_animation=&#8220;bounceIn&#8220; css=&#8220;&#8220;][/vc_column_text][vc_column_text css=&#8220;.vc_custom_1762248716930{margin-top: -20px !important;}&#8220;] Sommer im Lechtal heißt Sonne, Berge und Freiheit. Wandern, Radfahren oder einfach genießen – direkt vor der Haustür des Maleo am Lech beginnt ihr Sommerabenteuer. [/vc_column_text][/vc_column_inner][/vc_row_inner][vc_empty_space][/vc_column][vc_column width=&#8220;1/4&#8243;][/vc_column][/vc_row][vc_row full_width=&#8220;stretch_row&#8220; css=&#8220;.vc_custom_1764662440159{background-color: #5E5B5A !important;background-position: center !important;background-repeat: [&hellip;]</p>
