{"id":27,"date":"2025-10-31T07:34:54","date_gmt":"2025-10-31T07:34:54","guid":{"rendered":"https:\/\/maleo-am-lech.at\/?page_id=27"},"modified":"2025-11-13T11:21:48","modified_gmt":"2025-11-13T11:21:48","slug":"home","status":"publish","type":"page","link":"https:\/\/maleo-am-lech.at\/","title":{"rendered":"Home"},"content":{"rendered":"<div class=\"wpb-content-wrapper\"><p>[vc_row full_width=&#8220;stretch_row&#8220; css=&#8220;.vc_custom_1761902276669{margin-top: -150px !important;}&#8220;][vc_column][\/vc_column][\/vc_row][vc_row css=&#8220;.vc_custom_1762264366983{margin-right: 5px !important;margin-left: 5px !important;}&#8220;][vc_column width=&#8220;1\/6&#8243;][\/vc_column][vc_column width=&#8220;2\/3&#8243;][vc_empty_space height=&#8220;45&#8243;][vc_row_inner content_placement=&#8220;top&#8220; gap=&#8220;10&#8243;][vc_column_inner width=&#8220;1\/3&#8243;][vc_single_image image=&#8220;82&#8243; img_size=&#8220;full&#8220; style=&#8220;vc_box_shadow&#8220; css=&#8220;&#8220;][\/vc_column_inner][vc_column_inner width=&#8220;1\/3&#8243;][vc_single_image image=&#8220;80&#8243; img_size=&#8220;full&#8220; style=&#8220;vc_box_shadow&#8220; css=&#8220;&#8220;][\/vc_column_inner][vc_column_inner width=&#8220;1\/3&#8243;][vc_column_text css_animation=&#8220;bounceIn&#8220; css=&#8220;&#8220;]<img loading=\"lazy\" decoding=\"async\" class=\"aligncenter wp-image-23\" src=\"http:\/\/maleo-am-lech.at\/wp-content\/uploads\/2025\/10\/cropped-maleo_favicon-1-300x300.png\" alt=\"\" width=\"100\" height=\"100\" srcset=\"https:\/\/maleo-am-lech.at\/wp-content\/uploads\/2025\/10\/cropped-maleo_favicon-1-300x300.png 300w, https:\/\/maleo-am-lech.at\/wp-content\/uploads\/2025\/10\/cropped-maleo_favicon-1-150x150.png 150w, https:\/\/maleo-am-lech.at\/wp-content\/uploads\/2025\/10\/cropped-maleo_favicon-1.png 512w, https:\/\/maleo-am-lech.at\/wp-content\/uploads\/2025\/10\/cropped-maleo_favicon-1-270x270.png 270w, https:\/\/maleo-am-lech.at\/wp-content\/uploads\/2025\/10\/cropped-maleo_favicon-1-192x192.png 192w, https:\/\/maleo-am-lech.at\/wp-content\/uploads\/2025\/10\/cropped-maleo_favicon-1-180x180.png 180w, https:\/\/maleo-am-lech.at\/wp-content\/uploads\/2025\/10\/cropped-maleo_favicon-1-32x32.png 32w\" sizes=\"auto, (max-width: 100px) 100vw, 100px\" \/>[\/vc_column_text][vc_column_text css=&#8220;.vc_custom_1761898585742{margin-top: -20px !important;}&#8220;]<\/p>\n<p style=\"text-align: center;\"><span style=\"color: #64605e;\"><strong>Ankommen &amp; Wohlf\u00fchlen.<\/strong><\/span><br data-start=\"177\" data-end=\"180\" \/><span style=\"color: #64605e;\">Im Herzen des Lechtals erwartet Sie das Maleo am Lech \u2013 modernes Apartment, umgeben von imposanter Bergkulisse und urspr\u00fcnglicher Natur. Ihr R\u00fcckzugsort f\u00fcr Erholung.<\/span><\/p>\n<p>[\/vc_column_text][\/vc_column_inner][\/vc_row_inner][vc_empty_space][\/vc_column][vc_column width=&#8220;1\/6&#8243;][\/vc_column][\/vc_row][vc_row full_width=&#8220;stretch_row&#8220; css=&#8220;.vc_custom_1762264387662{margin-right: 5px !important;margin-left: 5px !important;background-color: #005A5C !important;background-position: center !important;background-repeat: no-repeat !important;background-size: cover !important;}&#8220;][vc_column width=&#8220;1\/6&#8243;][\/vc_column][vc_column width=&#8220;2\/3&#8243;][vc_empty_space][vc_row_inner content_placement=&#8220;middle&#8220; gap=&#8220;20&#8243;][vc_column_inner width=&#8220;2\/3&#8243;][vc_custom_heading text=&#8220;MITTEN IM NATURPARADIES&#8220; font_container=&#8220;tag:h3|text_align:left|color:%23E0DAD9&#8243; google_fonts=&#8220;font_family:Ubuntu%3A300%2C300italic%2Cregular%2Citalic%2C500%2C500italic%2C700%2C700italic|font_style:500%20bold%20regular%3A500%3Anormal&#8220; css=&#8220;&#8220;][vc_column_text css=&#8220;&#8220;]<\/p>\n<p style=\"text-align: left;\"><span style=\"color: #e0dad9;\">Eingebettet zwischen den Lechtaler und Allg\u00e4uer Alpen liegt H\u00e4selgehr im Herzen des Tiroler Lechtals. Der Ort verbindet Ruhe und Urspr\u00fcnglichkeit mit perfekter Ausgangslage f\u00fcr Aktivit\u00e4ten in alle Richtungen \u2013 ob Wandern, Radfahren, Skitouren oder Ausfl\u00fcge in die umliegenden T\u00e4ler. Ein Platz, der Erholung und Erlebnis ideal vereint.<\/span><\/p>\n<p>[\/vc_column_text][vc_btn title=&#8220;LECHTAL&#8220; style=&#8220;outline-custom&#8220; outline_custom_color=&#8220;#E0DAD9&#8243; outline_custom_hover_background=&#8220;#005A5C&#8220; outline_custom_hover_text=&#8220;#E0DAD9&#8243; shape=&#8220;square&#8220; align=&#8220;left&#8220; css=&#8220;&#8220; link=&#8220;url:https%3A%2F%2Fmaleo-am-lech.at%2Findex.php%2Flechtal%2F|title:Lechtal&#8220;][\/vc_column_inner][vc_column_inner width=&#8220;1\/3&#8243;][vc_single_image image=&#8220;127&#8243; img_size=&#8220;full&#8220; style=&#8220;vc_box_shadow_circle_2&#8243; css=&#8220;&#8220;][\/vc_column_inner][\/vc_row_inner][vc_empty_space][\/vc_column][vc_column width=&#8220;1\/6&#8243;][\/vc_column][\/vc_row][vc_row css=&#8220;.vc_custom_1762264394804{margin-right: 5px !important;margin-left: 5px !important;}&#8220;][vc_column width=&#8220;1\/4&#8243;][\/vc_column][vc_column width=&#8220;1\/2&#8243;][vc_empty_space][vc_column_text css_animation=&#8220;bounceIn&#8220; css=&#8220;&#8220;]<img loading=\"lazy\" decoding=\"async\" class=\"aligncenter wp-image-55\" src=\"http:\/\/maleo-am-lech.at\/wp-content\/uploads\/2025\/10\/Maleo_Schriftzug_Apartment-300x114.png\" alt=\"\" width=\"250\" height=\"95\" srcset=\"https:\/\/maleo-am-lech.at\/wp-content\/uploads\/2025\/10\/Maleo_Schriftzug_Apartment-300x114.png 300w, https:\/\/maleo-am-lech.at\/wp-content\/uploads\/2025\/10\/Maleo_Schriftzug_Apartment.png 662w\" sizes=\"auto, (max-width: 250px) 100vw, 250px\" \/>[\/vc_column_text][vc_column_text css=&#8220;.vc_custom_1762856191308{margin-top: -20px !important;}&#8220;]<\/p>\n<p style=\"text-align: center;\"><span style=\"color: #64605e;\"><strong>Das Maleo am Lech vereint modernes Design mit alpinem Charme.<\/strong> <\/span><br \/>\n<span style=\"color: #64605e;\">Helle R\u00e4ume, nat\u00fcrliche Materialien und liebevolle Details schaffen eine Atmosph\u00e4re zum Ankommen und Wohlf\u00fchlen. Nur ein paar Schritte vom Lechufer entfernt \u2013 ein Ort, an dem Ruhe, Komfort und Natur harmonisch zusammenfinden.<\/span><\/p>\n<p>[\/vc_column_text][vc_btn title=&#8220;DETAILS&#8220; style=&#8220;outline-custom&#8220; outline_custom_color=&#8220;#00868A&#8220; outline_custom_hover_background=&#8220;#FFFFFF&#8220; outline_custom_hover_text=&#8220;#00868A&#8220; shape=&#8220;square&#8220; align=&#8220;center&#8220; css=&#8220;&#8220; link=&#8220;url:https%3A%2F%2Fmaleo-am-lech.at%2Findex.php%2Fapartment%2F|title:Apartment&#8220;][vc_empty_space][\/vc_column][vc_column width=&#8220;1\/4&#8243;][\/vc_column][\/vc_row][vc_row css=&#8220;.vc_custom_1762264401525{margin-right: 5px !important;margin-left: 5px !important;}&#8220;][vc_column width=&#8220;1\/6&#8243;][\/vc_column][vc_column width=&#8220;2\/3&#8243;][vc_row_inner][vc_column_inner width=&#8220;1\/3&#8243;][vc_single_image image=&#8220;85&#8243; img_size=&#8220;full&#8220; style=&#8220;vc_box_shadow&#8220; css=&#8220;&#8220;][\/vc_column_inner][vc_column_inner width=&#8220;1\/3&#8243;][vc_single_image image=&#8220;87&#8243; img_size=&#8220;full&#8220; style=&#8220;vc_box_shadow&#8220; css=&#8220;&#8220;][\/vc_column_inner][vc_column_inner width=&#8220;1\/3&#8243;][vc_single_image image=&#8220;81&#8243; img_size=&#8220;full&#8220; style=&#8220;vc_box_shadow&#8220; css=&#8220;&#8220;][\/vc_column_inner][\/vc_row_inner][vc_empty_space][\/vc_column][vc_column width=&#8220;1\/6&#8243;][\/vc_column][\/vc_row][vc_row css=&#8220;.vc_custom_1762264427417{margin-bottom: -60px !important;background-image: url(http:\/\/maleo-am-lech.at\/wp-content\/uploads\/2025\/11\/Maleo_am_Lech_Home_8.jpg?id=173) !important;background-position: center !important;background-repeat: no-repeat !important;background-size: cover !important;}&#8220;][vc_column width=&#8220;1\/6&#8243;][\/vc_column][vc_column width=&#8220;2\/3&#8243;][vc_empty_space height=&#8220;80&#8243;][vc_row_inner css=&#8220;.vc_custom_1762264433274{margin-right: 5px !important;margin-left: 5px !important;}&#8220;][vc_column_inner width=&#8220;1\/2&#8243;][\/vc_column_inner][vc_column_inner width=&#8220;1\/2&#8243;][vc_cta h2=&#8220;UNSER SERVICE&#8220; h2_font_container=&#8220;tag:h3|text_align:left|color:%2300868A&#8220; h2_google_fonts=&#8220;font_family:Ubuntu%3A300%2C300italic%2Cregular%2Citalic%2C500%2C500italic%2C700%2C700italic|font_style:500%20bold%20regular%3A500%3Anormal&#8220; shape=&#8220;square&#8220; style=&#8220;custom&#8220; add_button=&#8220;bottom&#8220; btn_title=&#8220;SERVICE&#8220; btn_style=&#8220;outline-custom&#8220; btn_outline_custom_color=&#8220;#00868A&#8220; btn_outline_custom_hover_background=&#8220;#E0DAD9&#8243; btn_outline_custom_hover_text=&#8220;#00868A&#8220; btn_shape=&#8220;square&#8220; btn_align=&#8220;left&#8220; css=&#8220;.vc_custom_1762264889356{border-top-width: 1px !important;border-right-width: 1px !important;border-bottom-width: 1px !important;border-left-width: 1px !important;border-left-style: solid !important;border-right-style: solid !important;border-top-style: solid !important;border-bottom-style: solid !important;border-color: #E0DAD9 !important;}&#8220; use_custom_fonts_h2=&#8220;true&#8220; custom_background=&#8220;#E0DAD9&#8243; custom_text=&#8220;#00868A&#8220; btn_link=&#8220;url:https%3A%2F%2Fmaleo-am-lech.at%2Findex.php%2Fservice%2F|title:Service&#8220;]<span style=\"color: #64605e;\"><strong>Rundum wohlf\u00fchlen \u2013 vom ersten Moment an. <\/strong>Wir legen Wert auf pers\u00f6nliche Betreuung, liebevolle Details und alles, was Ihren Aufenthalt unkompliziert und angenehm macht.<\/span>[\/vc_cta][\/vc_column_inner][\/vc_row_inner][vc_empty_space height=&#8220;80&#8243;][\/vc_column][vc_column width=&#8220;1\/6&#8243;][\/vc_column][\/vc_row][vc_row css=&#8220;.vc_custom_1762857919982{margin-right: 5px !important;margin-left: 5px !important;}&#8220;][vc_column width=&#8220;1\/6&#8243;][\/vc_column][vc_column width=&#8220;2\/3&#8243;][vc_empty_space][vc_row_inner content_placement=&#8220;middle&#8220; gap=&#8220;20&#8243;][vc_column_inner width=&#8220;1\/3&#8243;][vc_single_image image=&#8220;329&#8243; img_size=&#8220;full&#8220; style=&#8220;vc_box_shadow_circle_2&#8243; css=&#8220;&#8220;][\/vc_column_inner][vc_column_inner width=&#8220;2\/3&#8243;][vc_custom_heading text=&#8220;GASTGEBERIN&#8220; font_container=&#8220;tag:h3|text_align:left|color:%2300868A&#8220; google_fonts=&#8220;font_family:Ubuntu%3A300%2C300italic%2Cregular%2Citalic%2C500%2C500italic%2C700%2C700italic|font_style:500%20bold%20regular%3A500%3Anormal&#8220; css=&#8220;&#8220;][vc_column_text css=&#8220;&#8220;]<\/p>\n<p style=\"text-align: left;\"><span style=\"color: #64605e;\">Im Maleo am Lech sorgen wir daf\u00fcr, dass sich jeder Gast rundum wohlf\u00fchlt \u2013 unabh\u00e4ngig von der Sprache.<\/span><\/p>\n<p style=\"text-align: left;\"><strong><span style=\"color: #64605e;\">Ihre Gastgeberin spricht flie\u00dfend Franz\u00f6sisch und hei\u00dft daher G\u00e4ste aus Frankreich und Belgien herzlich willkommen.<\/span><\/strong><\/p>\n<p>[\/vc_column_text][\/vc_column_inner][\/vc_row_inner][vc_empty_space][\/vc_column][vc_column width=&#8220;1\/6&#8243;][\/vc_column][\/vc_row]<\/p>\n<\/div>","protected":false},"excerpt":{"rendered":"<p>[vc_row full_width=&#8220;stretch_row&#8220; css=&#8220;.vc_custom_1761902276669{margin-top: -150px !important;}&#8220;][vc_column][\/vc_column][\/vc_row][vc_row css=&#8220;.vc_custom_1762264366983{margin-right: 5px !important;margin-left: 5px !important;}&#8220;][vc_column width=&#8220;1\/6&#8243;][\/vc_column][vc_column width=&#8220;2\/3&#8243;][vc_empty_space height=&#8220;45&#8243;][vc_row_inner content_placement=&#8220;top&#8220; gap=&#8220;10&#8243;][vc_column_inner width=&#8220;1\/3&#8243;][vc_single_image image=&#8220;82&#8243; img_size=&#8220;full&#8220; style=&#8220;vc_box_shadow&#8220; css=&#8220;&#8220;][\/vc_column_inner][vc_column_inner width=&#8220;1\/3&#8243;][vc_single_image image=&#8220;80&#8243; img_size=&#8220;full&#8220; style=&#8220;vc_box_shadow&#8220; css=&#8220;&#8220;][\/vc_column_inner][vc_column_inner width=&#8220;1\/3&#8243;][vc_column_text css_animation=&#8220;bounceIn&#8220; css=&#8220;&#8220;][\/vc_column_text][vc_column_text css=&#8220;.vc_custom_1761898585742{margin-top: -20px !important;}&#8220;] Ankommen &amp; Wohlf\u00fchlen.Im Herzen des Lechtals erwartet Sie das Maleo am Lech \u2013 modernes Apartment, umgeben von imposanter Bergkulisse [&hellip;]<\/p>\n","protected":false},"author":3,"featured_media":0,"parent":0,"menu_order":0,"comment_status":"closed","ping_status":"closed","template":"page-templates\/full-width-builder-bb.php","meta":{"footnotes":""},"class_list":["post-27","page","type-page","status-publish","hentry"],"_links":{"self":[{"href":"https:\/\/maleo-am-lech.at\/index.php\/wp-json\/wp\/v2\/pages\/27","targetHints":{"allow":["GET"]}}],"collection":[{"href":"https:\/\/maleo-am-lech.at\/index.php\/wp-json\/wp\/v2\/pages"}],"about":[{"href":"https:\/\/maleo-am-lech.at\/index.php\/wp-json\/wp\/v2\/types\/page"}],"author":[{"embeddable":true,"href":"https:\/\/maleo-am-lech.at\/index.php\/wp-json\/wp\/v2\/users\/3"}],"replies":[{"embeddable":true,"href":"https:\/\/maleo-am-lech.at\/index.php\/wp-json\/wp\/v2\/comments?post=27"}],"version-history":[{"count":61,"href":"https:\/\/maleo-am-lech.at\/index.php\/wp-json\/wp\/v2\/pages\/27\/revisions"}],"predecessor-version":[{"id":342,"href":"https:\/\/maleo-am-lech.at\/index.php\/wp-json\/wp\/v2\/pages\/27\/revisions\/342"}],"wp:attachment":[{"href":"https:\/\/maleo-am-lech.at\/index.php\/wp-json\/wp\/v2\/media?parent=27"}],"curies":[{"name":"wp","href":"https:\/\/api.w.org\/{rel}","templated":true}]}}

<div class="wpb-content-wrapper"><p>[vc_row full_width=&#8220;stretch_row&#8220; css=&#8220;.vc_custom_1761902276669{margin-top: -150px !important;}&#8220;][vc_column][/vc_column][/vc_row][vc_row css=&#8220;.vc_custom_1762264366983{margin-right: 5px !important;margin-left: 5px !important;}&#8220;][vc_column width=&#8220;1/6&#8243;][/vc_column][vc_column width=&#8220;2/3&#8243;][vc_empty_space height=&#8220;45&#8243;][vc_row_inner content_placement=&#8220;top&#8220; gap=&#8220;10&#8243;][vc_column_inner width=&#8220;1/3&#8243;][vc_single_image image=&#8220;82&#8243; img_size=&#8220;full&#8220; style=&#8220;vc_box_shadow&#8220; css=&#8220;&#8220;][/vc_column_inner][vc_column_inner width=&#8220;1/3&#8243;][vc_single_image image=&#8220;80&#8243; img_size=&#8220;full&#8220; style=&#8220;vc_box_shadow&#8220; css=&#8220;&#8220;][/vc_column_inner][vc_column_inner width=&#8220;1/3&#8243;][vc_column_text css_animation=&#8220;bounceIn&#8220; css=&#8220;&#8220;]<img loading="lazy" decoding="async" class="aligncenter wp-image-23" src="http://maleo-am-lech.at/wp-content/uploads/2025/10/cropped-maleo_favicon-1-300x300.png" alt="" width="100" height="100" srcset="https://maleo-am-lech.at/wp-content/uploads/2025/10/cropped-maleo_favicon-1-300x300.png 300w, https://maleo-am-lech.at/wp-content/uploads/2025/10/cropped-maleo_favicon-1-150x150.png 150w, https://maleo-am-lech.at/wp-content/uploads/2025/10/cropped-maleo_favicon-1.png 512w, https://maleo-am-lech.at/wp-content/uploads/2025/10/cropped-maleo_favicon-1-270x270.png 270w, https://maleo-am-lech.at/wp-content/uploads/2025/10/cropped-maleo_favicon-1-192x192.png 192w, https://maleo-am-lech.at/wp-content/uploads/2025/10/cropped-maleo_favicon-1-180x180.png 180w, https://maleo-am-lech.at/wp-content/uploads/2025/10/cropped-maleo_favicon-1-32x32.png 32w" sizes="auto, (max-width: 100px) 100vw, 100px" />[/vc_column_text][vc_column_text css=&#8220;.vc_custom_1761898585742{margin-top: -20px !important;}&#8220;]</p>
<p style="text-align: center;"><span style="color: #64605e;"><strong>Ankommen &amp; Wohlfühlen.</strong></span><br data-start="177" data-end="180" /><span style="color: #64605e;">Im Herzen des Lechtals erwartet Sie das Maleo am Lech – modernes Apartment, umgeben von imposanter Bergkulisse und ursprünglicher Natur. Ihr Rückzugsort für Erholung.</span></p>
<p>[/vc_column_text][/vc_column_inner][/vc_row_inner][vc_empty_space][/vc_column][vc_column width=&#8220;1/6&#8243;][/vc_column][/vc_row][vc_row full_width=&#8220;stretch_row&#8220; css=&#8220;.vc_custom_1762264387662{margin-right: 5px !important;margin-left: 5px !important;background-color: #005A5C !important;background-position: center !important;background-repeat: no-repeat !important;background-size: cover !important;}&#8220;][vc_column width=&#8220;1/6&#8243;][/vc_column][vc_column width=&#8220;2/3&#8243;][vc_empty_space][vc_row_inner content_placement=&#8220;middle&#8220; gap=&#8220;20&#8243;][vc_column_inner width=&#8220;2/3&#8243;][vc_custom_heading text=&#8220;MITTEN IM NATURPARADIES&#8220; font_container=&#8220;tag:h3|text_align:left|color:%23E0DAD9&#8243; google_fonts=&#8220;font_family:Ubuntu%3A300%2C300italic%2Cregular%2Citalic%2C500%2C500italic%2C700%2C700italic|font_style:500%20bold%20regular%3A500%3Anormal&#8220; css=&#8220;&#8220;][vc_column_text css=&#8220;&#8220;]</p>
<p style="text-align: left;"><span style="color: #e0dad9;">Eingebettet zwischen den Lechtaler und Allgäuer Alpen liegt Häselgehr im Herzen des Tiroler Lechtals. Der Ort verbindet Ruhe und Ursprünglichkeit mit perfekter Ausgangslage für Aktivitäten in alle Richtungen – ob Wandern, Radfahren, Skitouren oder Ausflüge in die umliegenden Täler. Ein Platz, der Erholung und Erlebnis ideal vereint.</span></p>
<p>[/vc_column_text][vc_btn title=&#8220;LECHTAL&#8220; style=&#8220;outline-custom&#8220; outline_custom_color=&#8220;#E0DAD9&#8243; outline_custom_hover_background=&#8220;#005A5C&#8220; outline_custom_hover_text=&#8220;#E0DAD9&#8243; shape=&#8220;square&#8220; align=&#8220;left&#8220; css=&#8220;&#8220; link=&#8220;url:https%3A%2F%2Fmaleo-am-lech.at%2Findex.php%2Flechtal%2F|title:Lechtal&#8220;][/vc_column_inner][vc_column_inner width=&#8220;1/3&#8243;][vc_single_image image=&#8220;127&#8243; img_size=&#8220;full&#8220; style=&#8220;vc_box_shadow_circle_2&#8243; css=&#8220;&#8220;][/vc_column_inner][/vc_row_inner][vc_empty_space][/vc_column][vc_column width=&#8220;1/6&#8243;][/vc_column][/vc_row][vc_row css=&#8220;.vc_custom_1762264394804{margin-right: 5px !important;margin-left: 5px !important;}&#8220;][vc_column width=&#8220;1/4&#8243;][/vc_column][vc_column width=&#8220;1/2&#8243;][vc_empty_space][vc_column_text css_animation=&#8220;bounceIn&#8220; css=&#8220;&#8220;]<img loading="lazy" decoding="async" class="aligncenter wp-image-55" src="http://maleo-am-lech.at/wp-content/uploads/2025/10/Maleo_Schriftzug_Apartment-300x114.png" alt="" width="250" height="95" srcset="https://maleo-am-lech.at/wp-content/uploads/2025/10/Maleo_Schriftzug_Apartment-300x114.png 300w, https://maleo-am-lech.at/wp-content/uploads/2025/10/Maleo_Schriftzug_Apartment.png 662w" sizes="auto, (max-width: 250px) 100vw, 250px" />[/vc_column_text][vc_column_text css=&#8220;.vc_custom_1762856191308{margin-top: -20px !important;}&#8220;]</p>
<p style="text-align: center;"><span style="color: #64605e;"><strong>Das Maleo am Lech vereint modernes Design mit alpinem Charme.</strong> </span><br />
<span style="color: #64605e;">Helle Räume, natürliche Materialien und liebevolle Details schaffen eine Atmosphäre zum Ankommen und Wohlfühlen. Nur ein paar Schritte vom Lechufer entfernt – ein Ort, an dem Ruhe, Komfort und Natur harmonisch zusammenfinden.</span></p>
<p>[/vc_column_text][vc_btn title=&#8220;DETAILS&#8220; style=&#8220;outline-custom&#8220; outline_custom_color=&#8220;#00868A&#8220; outline_custom_hover_background=&#8220;#FFFFFF&#8220; outline_custom_hover_text=&#8220;#00868A&#8220; shape=&#8220;square&#8220; align=&#8220;center&#8220; css=&#8220;&#8220; link=&#8220;url:https%3A%2F%2Fmaleo-am-lech.at%2Findex.php%2Fapartment%2F|title:Apartment&#8220;][vc_empty_space][/vc_column][vc_column width=&#8220;1/4&#8243;][/vc_column][/vc_row][vc_row css=&#8220;.vc_custom_1762264401525{margin-right: 5px !important;margin-left: 5px !important;}&#8220;][vc_column width=&#8220;1/6&#8243;][/vc_column][vc_column width=&#8220;2/3&#8243;][vc_row_inner][vc_column_inner width=&#8220;1/3&#8243;][vc_single_image image=&#8220;85&#8243; img_size=&#8220;full&#8220; style=&#8220;vc_box_shadow&#8220; css=&#8220;&#8220;][/vc_column_inner][vc_column_inner width=&#8220;1/3&#8243;][vc_single_image image=&#8220;87&#8243; img_size=&#8220;full&#8220; style=&#8220;vc_box_shadow&#8220; css=&#8220;&#8220;][/vc_column_inner][vc_column_inner width=&#8220;1/3&#8243;][vc_single_image image=&#8220;81&#8243; img_size=&#8220;full&#8220; style=&#8220;vc_box_shadow&#8220; css=&#8220;&#8220;][/vc_column_inner][/vc_row_inner][vc_empty_space][/vc_column][vc_column width=&#8220;1/6&#8243;][/vc_column][/vc_row][vc_row css=&#8220;.vc_custom_1762264427417{margin-bottom: -60px !important;background-image: url(http://maleo-am-lech.at/wp-content/uploads/2025/11/Maleo_am_Lech_Home_8.jpg?id=173) !important;background-position: center !important;background-repeat: no-repeat !important;background-size: cover !important;}&#8220;][vc_column width=&#8220;1/6&#8243;][/vc_column][vc_column width=&#8220;2/3&#8243;][vc_empty_space height=&#8220;80&#8243;][vc_row_inner css=&#8220;.vc_custom_1762264433274{margin-right: 5px !important;margin-left: 5px !important;}&#8220;][vc_column_inner width=&#8220;1/2&#8243;][/vc_column_inner][vc_column_inner width=&#8220;1/2&#8243;][vc_cta h2=&#8220;UNSER SERVICE&#8220; h2_font_container=&#8220;tag:h3|text_align:left|color:%2300868A&#8220; h2_google_fonts=&#8220;font_family:Ubuntu%3A300%2C300italic%2Cregular%2Citalic%2C500%2C500italic%2C700%2C700italic|font_style:500%20bold%20regular%3A500%3Anormal&#8220; shape=&#8220;square&#8220; style=&#8220;custom&#8220; add_button=&#8220;bottom&#8220; btn_title=&#8220;SERVICE&#8220; btn_style=&#8220;outline-custom&#8220; btn_outline_custom_color=&#8220;#00868A&#8220; btn_outline_custom_hover_background=&#8220;#E0DAD9&#8243; btn_outline_custom_hover_text=&#8220;#00868A&#8220; btn_shape=&#8220;square&#8220; btn_align=&#8220;left&#8220; css=&#8220;.vc_custom_1762264889356{border-top-width: 1px !important;border-right-width: 1px !important;border-bottom-width: 1px !important;border-left-width: 1px !important;border-left-style: solid !important;border-right-style: solid !important;border-top-style: solid !important;border-bottom-style: solid !important;border-color: #E0DAD9 !important;}&#8220; use_custom_fonts_h2=&#8220;true&#8220; custom_background=&#8220;#E0DAD9&#8243; custom_text=&#8220;#00868A&#8220; btn_link=&#8220;url:https%3A%2F%2Fmaleo-am-lech.at%2Findex.php%2Fservice%2F|title:Service&#8220;]<span style="color: #64605e;"><strong>Rundum wohlfühlen – vom ersten Moment an. </strong>Wir legen Wert auf persönliche Betreuung, liebevolle Details und alles, was Ihren Aufenthalt unkompliziert und angenehm macht.</span>[/vc_cta][/vc_column_inner][/vc_row_inner][vc_empty_space height=&#8220;80&#8243;][/vc_column][vc_column width=&#8220;1/6&#8243;][/vc_column][/vc_row][vc_row css=&#8220;.vc_custom_1762857919982{margin-right: 5px !important;margin-left: 5px !important;}&#8220;][vc_column width=&#8220;1/6&#8243;][/vc_column][vc_column width=&#8220;2/3&#8243;][vc_empty_space][vc_row_inner content_placement=&#8220;middle&#8220; gap=&#8220;20&#8243;][vc_column_inner width=&#8220;1/3&#8243;][vc_single_image image=&#8220;329&#8243; img_size=&#8220;full&#8220; style=&#8220;vc_box_shadow_circle_2&#8243; css=&#8220;&#8220;][/vc_column_inner][vc_column_inner width=&#8220;2/3&#8243;][vc_custom_heading text=&#8220;GASTGEBERIN&#8220; font_container=&#8220;tag:h3|text_align:left|color:%2300868A&#8220; google_fonts=&#8220;font_family:Ubuntu%3A300%2C300italic%2Cregular%2Citalic%2C500%2C500italic%2C700%2C700italic|font_style:500%20bold%20regular%3A500%3Anormal&#8220; css=&#8220;&#8220;][vc_column_text css=&#8220;&#8220;]</p>
<p style="text-align: left;"><span style="color: #64605e;">Im Maleo am Lech sorgen wir dafür, dass sich jeder Gast rundum wohlfühlt – unabhängig von der Sprache.</span></p>
<p style="text-align: left;"><strong><span style="color: #64605e;">Ihre Gastgeberin spricht fließend Französisch und heißt daher Gäste aus Frankreich und Belgien herzlich willkommen.</span></strong></p>
<p>[/vc_column_text][/vc_column_inner][/vc_row_inner][vc_empty_space][/vc_column][vc_column width=&#8220;1/6&#8243;][/vc_column][/vc_row]</p>
</div>

<p>[vc_row full_width=&#8220;stretch_row&#8220; css=&#8220;.vc_custom_1761902276669{margin-top: -150px !important;}&#8220;][vc_column][/vc_column][/vc_row][vc_row css=&#8220;.vc_custom_1762264366983{margin-right: 5px !important;margin-left: 5px !important;}&#8220;][vc_column width=&#8220;1/6&#8243;][/vc_column][vc_column width=&#8220;2/3&#8243;][vc_empty_space height=&#8220;45&#8243;][vc_row_inner content_placement=&#8220;top&#8220; gap=&#8220;10&#8243;][vc_column_inner width=&#8220;1/3&#8243;][vc_single_image image=&#8220;82&#8243; img_size=&#8220;full&#8220; style=&#8220;vc_box_shadow&#8220; css=&#8220;&#8220;][/vc_column_inner][vc_column_inner width=&#8220;1/3&#8243;][vc_single_image image=&#8220;80&#8243; img_size=&#8220;full&#8220; style=&#8220;vc_box_shadow&#8220; css=&#8220;&#8220;][/vc_column_inner][vc_column_inner width=&#8220;1/3&#8243;][vc_column_text css_animation=&#8220;bounceIn&#8220; css=&#8220;&#8220;][/vc_column_text][vc_column_text css=&#8220;.vc_custom_1761898585742{margin-top: -20px !important;}&#8220;] Ankommen &amp; Wohlfühlen.Im Herzen des Lechtals erwartet Sie das Maleo am Lech – modernes Apartment, umgeben von imposanter Bergkulisse [&hellip;]</p>
